tor of 108 and 8715708?
108
Calculate the greatest common factor of 314427 and 358926.
489
What is the greatest common factor of 1109130 and 26895?
165
What is the highest common divisor of 263040 and 19865?
685
Calculate the greatest common factor of 267281 and 81235.
7
What is the greatest common divisor of 17962200 and 241740?
3060
What is the highest common divisor of 43892119 and 114045?
7603
Calculate the highest common factor of 52928 and 346816.
64
What is the highest common factor of 338438533 and 103?
103
What is the highest common divisor of 466124227 and 1019?
1019
What is the highest common factor of 179 and 10616311?
179
What is the greatest common factor of 1170 and 174307770?
1170
Calculate the greatest common factor of 4225 and 10275.
25
What is the highest common divisor of 8872975 and 107?
107
Calculate the greatest common divisor of 38 and 3371930.
38
What is the highest common divisor of 80398289 and 604?
151
What is the greatest common factor of 611 and 7926550?
47
Calculate the highest common factor of 192 and 54692952.
24
Calculate the greatest common divisor of 99 and 7491.
33
Calculate the greatest common divisor of 11895 and 2191425.
915
Calculate the greatest common factor of 5159429 and 3289.
253
Calculate the highest common divisor of 21853 and 104838927.
1681
What is the greatest common divisor of 200 and 544454900?
100
What is the highest common divisor of 1575 and 52086825?
1575
What is the greatest common factor of 46 and 442227992?
46
Calculate the highest common divisor of 545 and 64035865.
545
What is the greatest common factor of 628968 and 3448?
8
Calculate the highest common factor of 293762621 and 9713.
883
Calculate the greatest common divisor of 3186 and 69843.
3
Calculate the highest common divisor of 2140 and 2126732.
428
What is the highest common divisor of 95 and 179255?
5
Calculate the highest common divisor of 24184995 and 195.
15
What is the greatest common divisor of 6718950 and 38850?
1050
Calculate the highest common factor of 56 and 33802328.
56
Calculate the greatest common factor of 42354942 and 378.
42
Calculate the highest common divisor of 644851 and 5727.
23
What is the greatest common factor of 69173470 and 70?
10
Calculate the greatest common divisor of 5968 and 2797232.
16
Calculate the greatest common divisor of 45082543 and 121.
121
What is the greatest common factor of 243 and 101075229?
27
What is the highest common divisor of 3913 and 3755921?
559
What is the highest common divisor of 889 and 387477?
127
Calculate the greatest common factor of 9318436 and 57.
19
What is the greatest common divisor of 22361 and 12503516?
59
What is the greatest common divisor of 75 and 140033775?
75
Calculate the highest common divisor of 1988 and 318932.
284
What is the highest common factor of 8104784 and 689280?
5744
Calculate the highest common factor of 38389412 and 4130.
118
What is the highest common divisor of 39758667 and 39?
39
Calculate the highest common divisor of 142600 and 142300.
100
Calculate the greatest common divisor of 90 and 404172.
18
What is the highest common factor of 93883877 and 34?
17
What is the greatest common divisor of 8689615 and 530?
265
What is the greatest common divisor of 421744 and 1888?
16
Calculate the highest common factor of 776 and 1323072.
8
Calculate the greatest common divisor of 32076 and 18566172.
2916
Calculate the greatest common divisor of 8001 and 49352835.
2667
Calculate the greatest common divisor of 589485 and 715.
65
Calculate the greatest common divisor of 2577419 and 1625.
13
Calculate the greatest common factor of 4119504 and 7296.
912
What is the greatest common divisor of 42 and 25865175?
21
What is the highest common factor of 34023589 and 236?
59
What is the greatest common divisor of 3077851 and 175?
7
Calculate the greatest common factor of 6 and 16986688.
2
What is the highest common divisor of 1380174 and 5994?
222
Calculate the greatest common divisor of 20809791 and 47248.
2953
Calculate the highest common factor of 4122176 and 7424.
1856
What is the highest common factor of 28944 and 776128?
1072
Calculate the highest common factor of 393596027 and 1067.
1067
Calculate the highest common factor of 45548418 and 184.
46
Calculate the highest common factor of 1410966 and 38106.
522
What is the greatest common divisor of 4340 and 22650677?
217
What is the highest common divisor of 7618900 and 180?
20
What is the greatest common factor of 10877 and 330471?
73
What is the greatest common divisor of 2509011 and 116667?
1341
Calculate the greatest common factor of 14842044 and 72.
36
What is the greatest common factor of 4771334 and 3526?
82
Calculate the greatest common factor of 51504 and 3480.
696
Calculate the highest common divisor of 944680 and 1188.
44
What is the greatest common factor of 97236 and 49987?
37
Calculate the greatest common factor of 9193 and 85907.
317
What is the greatest common factor of 125642 and 8690?
22
Calculate the highest common factor of 42442378 and 22.
22
Calculate the greatest common factor of 1152 and 1140894.
18
Calculate the greatest common divisor of 21491658 and 56502.
774
What is the highest common factor of 1104 and 1456195504?
368
Calculate the highest common factor of 1944 and 47904372.
324
What is the greatest common divisor of 54752 and 374532?
236
What is the highest common divisor of 35553 and 5852701?
1693
Calculate the greatest common divisor of 149553 and 62335906.
5539
Calculate the greatest common factor of 48 and 88167708.
12
What is the highest common factor of 1463 and 4370399?
209
What is the greatest common divisor of 23812920 and 36?
36
What is the highest common factor of 7718132 and 248?
124
What is the greatest common divisor of 870 and 12138762?
174
What is the highest common factor of 422633 and 188282?
2003
Calculate the greatest common divisor of 11616872 and 34.
2
Calculate the greatest common factor of 230 and 918022.
46
What is the greatest common divisor of 179435 and 47855?
85
Calculate the greatest common divisor of 516 and 25520500.
172
Calculate the highest common factor of 594 and 26439666.
66
Calculate the greatest common divisor of 222 and 3606538.
74
What is the highest common factor of 16380 and 791973?
819
What is the highest common divisor of 6545593 and 46?
23
What is the greatest common factor of 1399608 and 792?
72
Calculate the highest common factor of 682907 and 5931130.
2363
Calculate the greatest common factor of 22201 and 55875.
149
What is the highest common factor of 21355 and 38071694?
4271
Calculate the greatest common factor of 430635 and 6897.
57
Calculate the greatest common factor of 49528 and 11398.
82
Calculate the greatest common factor of 4361 and 314727.
49
Calculate the greatest common factor of 57 and 209474373.
57
What is the highest common divisor of 4829231 and 38419?
373
Calculate the greatest common divisor of 58297671 and 81.
27
What is the greatest common divisor of 23041277 and 868?
217
What is the greatest common divisor of 62640 and 38715?
435
Calculate the greatest common factor of 66805218 and 36.
18
What is the highest common divisor of 55554 and 1427766?
282
Calculate the greatest common factor of 640842 and 49619.
841
What is the greatest common divisor of 214215293 and 43?
43
What is the greatest common divisor of 1146364 and 36?
4
What is the highest common factor of 2847 and 11037?
39
What is the highest common divisor of 3196 and 3941467?
799
Calculate the greatest common divisor of 122056 and 322003.
803
Calculate the highest common divisor of 18571 and 39863978.
2653
What is the highest common divisor of 12030 and 248985?
15
Calculate the highest common factor of 22 and 75632084.
22
Calculate the highest common factor of 8090 and 171610.
10
Calculate the greatest common divisor of 15145485 and 69915.
1185
What is the greatest common divisor of 125 and 75083000?
125
What is the greatest common factor of 29821221 and 10899?
1557
What is the greatest common divisor of 105 and 90217176?
21
Calculate the greatest common factor of 1476 and 2928015.
369
Calculate the highest common divisor of 480 and 139539552.
96
What is the greatest common factor of 204624 and 65232?
144
Calculate the greatest common factor